p**3 - 13*p**2 - 2*p + 1. Let x(i) = -4*y(i) - 5*z(i). What are the prime factors of x(8)?
2, 3, 5
Let u(b) = 2*b**2 - 5*b. Let w be u(4). Suppose -4*q - 2*o - 3*o = -w, -2*o = -2*q + 6. Suppose 3*s - 138 = q. What are the prime factors of s?
47
Let y(r) = 7*r - 27. Let s be y(8). Suppose 3*j - 36 = 4*c, 0*j + c = -4*j + s. List the prime factors of j.
2
Let s be (-7)/(-7) - (-2)/1. Suppose s*g + 51 = 147. List the prime factors of g.
2
Let h(i) = -4*i + 3. Let o(s) = -12*s + 9. Let t(l) = -7*h(l) + 2*o(l). Let g(p) = -p + 12. Let w be g(2). List the prime factors of t(w).
37
Suppose 0 = 2*d - 8. Suppose -5 = -3*w + d. Suppose 0 = w*v - 50 - 37. List the prime factors of v.
29
What are the prime factors of (-2)/9 - (-778055)/549?
13, 109
Suppose 0 = -2*k + 232 - 92. List the prime factors of k.
2, 5, 7
Let s(g) = 27*g**2 - 111*g - 723. What are the prime factors of s(-7)?
3, 17
Let b(x) = 7*x - 6. Let y be b(4). Suppose -3*n + y = -5. Suppose 4*c - g - 16 = 0, 0 = -3*c + g + 3 + n. What are the prime factors of c?
2
Suppose -j - 7 + 10 = 0. What are the prime factors of ((-34)/(-4) + 0)*(j - -1)?
2, 17
Let w = -66 - -64. What are the prime factors of (-13)/1*(1 + (w - 0))?
13
Suppose -3*l + 2*m = 54, -3*l - 4*m - 39 = -m. Let z be (-5)/(-20) - 179/(-4). Let y = l + z. List the prime factors of y.
29
Suppose -5*k - 6*h = -2*h + 8, 3*k - 4*h = 8. Suppose k = -3*g - 4*g + 798. List the prime factors of g.
2, 3, 19
Suppose -l + 5*b = 14, -3*l + 4*b = l - 24. Suppose -2*x - 2*t - t + 33 = 0, 2*x = 4*t + 26. Let i = x + l. What are the prime factors of i?
2, 13
Let m(b) = 11*b**3 - 3*b**2 - 4*b - 2. Let i be m(-1). Let x = 103 - i. What are the prime factors of x?
5, 23
Let n(g) = 15*g**2 + g - 4. Let m(s) = s**2 - 14*s - 12. Let j be m(15). What are the prime factors of n(j)?
2, 67
Suppose 4*i - 4*y - 1275 = -9*y, -5*y = 5*i - 1590. Suppose -6*j + 3*j = -i. What are the prime factors of j?
3, 5, 7
Let f(b) = -3*b + 16. Let q be f(4). Suppose 0 = 3*y - 9, 3*y + 66 + 145 = q*z. Let c = -24 + z. What are the prime factors of c?
31
Suppose -4*w + w + 29 = 5*l, 3*w + 7 = 4*l. Let j = l - 2. Suppose -d + 2 = -j. List the prime factors of d.
2
Suppose -2*p - 2*p = 4. Let j = 14 - p. What are the prime factors of j?
3, 5
Suppose -2*g - m + 3 + 3 = 0, -2 = m. Suppose -3*r = -y + 86 - 28, g*r + 174 = 3*y. What are the prime factors of y?
2, 29
Let m(c) = c**3 - 15*c**2 - 17*c + 18. Let w be m(16). Suppose w = -4*p + 18. Let g(t) = t**3 - 6*t**2 + 11*t - 6. List the prime factors of g(p).
2, 3
Let t be 8/(-14) + 256/56 + -44. Let j be ((-20)/6)/((-1)/3). What are the prime factors of t/(3 + j/(-2))?
2, 5
Suppose 8*i = -4 + 44. Let h = 85 + i. List the prime factors of h.
2, 3, 5
Let x(h) = -28*h - 2. Let i(k) = k**3 - 5*k**2 - k + 4. Let f be i(5). What are the prime factors of x(f)?
2, 13
Let h(u) = -8*u - 1 + 2*u + 15*u. Suppose -t + 6 + 2 = 2*j, 5*j - 2*t - 2 = 0. What are the prime factors of h(j)?
17
Let m(t) = -t**3 - t**2 + 11*t + 16. Let c(z) = z + 14. Let r be c(-21). What are the prime factors of m(r)?
233
Let z(u) = 65*u - 40. List the prime factors of z(6).
2, 5, 7
Let t(i) = 2*i**2 + 24*i - 5. Let s be 2/(-7) - (-2760)/(-140). What are the prime factors of t(s)?
3, 5, 7
Suppose 4*k = -5*v + 5 + 5, -3*v + k + 23 = 0. Let o be (-1)/v + 39208/(-48). List the prime factors of o/(-114) - 1/6.
7
Suppose -2*i - 26 = -4*m, 3*m + 3*i - 2 = -5. Suppose m*o - 227 = -4*b + 69, 0 = -4*o - 2*b + 298. What are the prime factors of o?
3, 5
Let x = 953 - -38. List the prime factors of x.
991
Let m = 67 - 65. Suppose b + m*b = 4*g - 204, 5*g - 255 = b. List the prime factors of g.
3, 17
Let t be -1 + -90 - 12/3. Let w = 31 - t. What are the prime factors of w?
2, 3, 7
Let o(m) = 19*m**2 - 4*m + 8. Let q be o(-8). Suppose -15*f + 7*f + q = 0. What are the prime factors of f?
157
Let n = -70 + 39. Let g(h) = h**2 + 17*h - 13. Let d be g(-6). Let i = n - d. List the prime factors of i.
2, 3
Let k(w) = w**3 + 15*w**2 + 21*w**2 + w - 38*w**2. Let q be k(1). Suppose -3*j = -3*p + 21, -2*p + 23 = -q*p - 5*j. What are the prime factors of p?
2
Suppose -2*q + 6 = -4*i - 286, 2*i - 446 = -3*q. Suppose -10*r + q = -6*r. What are the prime factors of r?
37
Let d be 6*2 + 1/((-4)/8). Let p = d + 0. What are the prime factors of p?
2, 5
Suppose -2*b - w + 95 = b, -2*b - 5*w = -59. Let v = b - 28. Let u(l) = 2*l**2 + 7. What are the prime factors of u(v)?
3, 13
Let o(s) = s. Let v be o(-1). Let x = v - -67. What are the prime factors of x?
2, 3, 11
Suppose 3*y - h = -2, 4*y + 0*h - 2*h + 4 = 0. Suppose y = 5*z - 0*z - 255. Suppose 0 = 3*o + 2*w - 21, o - 2*w - z = -4*o. List the prime factors of o.
3
Let f = -368 + 804. List the prime factors of f.
2, 109
Suppose -c - 8 + 31 = 0. Let n(v) = -2*v**2 + 47*v + 29. List the prime factors of n(c).
2, 13
Let g be (2 - (2 - 1))*2. Let x(o) = -g*o + o - 3 - 10*o - 7*o. List the prime factors of x(-2).
3, 11
Let c(r) = 2*r**2 - 16*r - 55. List the prime factors of c(16).
3, 67
Let m = 20 - 17. What are the prime factors of (3*m)/((-8)/(-72))?
3
Suppose 3*c - 5*c - 2*s + 128 = 0, 4*s + 293 = 5*c. Suppose q + 156 + c = 5*u, u = q + 41. Suppose -u = -3*i + 19. List the prime factors of i.
3, 7
Let j = -60 + 60. Suppose 0*d - 9*d + 81 = j. List the prime factors of d.
3
Let j(i) = -51*i**3 + 3*i**2 + 3*i - 2. What are the prime factors of j(-3)?
7, 199
Let h(d) = 40*d**2 + 5*d + 23. What are the prime factors of h(-7)?
2, 487
Let m(k) = k**2 + 12*k. Let z be m(-12). Suppose 0*j - 4*j - 448 = z. What are the prime factors of (-42)/8*j/21?
2, 7
Suppose -5*z + 3*k + 128 = 0, 122 = -z + 6*z + 3*k. Let n = 278 + -283. Let h = n + z. List the prime factors of h.
2, 5
Let h(y) = y + 1. Let j(b) = -7*b - 15. Let f(l) = -h(l) - j(l). Let o be f(-8). Let r = -14 - o. What are the prime factors of r?
2, 5
Let x(p) = 4*p**2 + 3*p + 5. Let v be ((-84)/20 + 5)/((-1)/(-5)). What are the prime factors of x(v)?
3
Let y(h) be the third derivative of 0*h + 4*h**2 - 1/6*h**3 - 1/8*h**4 + 1/120*h**6 - 1/20*h**5 + 0. List the prime factors of y(4).
3
Let g(d) = -11*d - 5. Let s be g(-6). Suppose 0 = -3*q + 5*o - 139, 0*o = q - 4*o + 51. Let p = q + s. What are the prime factors of p?
2, 3
Suppose 2*v - q = -3*v - 19, 18 = -4*v - 2*q. List the prime factors of 112 - (3 - (-12)/v).
2, 7
Let c(k) = 5*k**2 - 93*k - 34. List the prime factors of c(22).
2, 5, 17
Let y(u) = 4*u**2 - 56*u + 87. What are the prime factors of y(23)?
3, 5, 61
Suppose -5*f = l - 112, -2*f + f = 5*l - 488. What are the prime factors of l?
97
Let v = 28 - -86. List the prime factors of v.
2, 3, 19
Let l = -192 + 301. What are the prime factors of l?
109
Let v(u) = -u**2 + 15*u - 25. List the prime factors of v(3).
11
What are the prime factors of ((-22)/6)/(4 - 2068/516)?
11, 43
Let n = -23 + 30. Suppose 0 = -n*w + 2*w + 295. What are the prime factors of w?
59
Let v(a) = a**2 - a - 1. Let p(s) = -5*s**2 + s - 12. Let t(w) = p(w) + 6*v(w). What are the prime factors of t(-8)?
2, 43
Suppose 34*h - 43*h = -396. List the prime factors of h.
2, 11
Suppose 11*x = 18*x - 3913. What are the prime factors of x?
13, 43
Suppose 4*c + 350 = 5*u - 0*u, -3*c + 117 = 2*u. Let s = 12 + -21. List the prime factors of s/6*u/(-9).
11
Let l = 39 - 34. Let i(s) = s**3 - 2*s**2 - 5*s + 11. List the prime factors of i(l).
61
Let h be 5/1 + 0/(-9). Suppose -2*j = -65 + h. What are the prime factors of j?
2, 3, 5
Let c(y) = 2*y + 27. Suppose 4*b + b - 5*k = -60, -4*k + 57 = -5*b. List the prime factors of c(b).
3
Let l(r) = -2*r**3 + r**2 + r - 9. What are the prime factors of l(-6)?
3, 151
Suppose 90 = -13*o - 521. Let k = 131 - o. What are the prime factors of k?
2, 89
Let l be 336 - -1 - ((-4)/2)/(-2). Let o = -153 + l. List the prime factors of o.
3, 61
Let a = 42 - 26. Suppose -h - 2*j - a = 0, -h + 5 = -2*j + 1. What are the prime factors of (-4)/h + 160/12?
2, 7
List the prime factors of (-26)/(-182) - 1588/(-7).
227
List the prime factors of -10 - (-4062)/12*6.
43, 47
Let b(a) = -a**2 - 6*a - 1. Let u be b(-6). List the prime factors of u - (-2 - 255/5).
2, 13
Suppose -9*g = 14*g - 1242. List the prime factors of g.
2, 3
Let h be 16/(-80) + 258/(-10). Let c = -20 - h. What are the prime factors of c?
2, 